{"id":22,"date":"2024-01-31T15:46:16","date_gmt":"2024-01-31T15:46:16","guid":{"rendered":"https:\/\/intbrg.com\/web\/home\/"},"modified":"2024-04-17T21:24:49","modified_gmt":"2024-04-17T21:24:49","slug":"home","status":"publish","type":"page","link":"https:\/\/intbrg.com\/web\/","title":{"rendered":"Inicio"},"content":{"rendered":"\n\n\n\n\n\n\n<h2 style=\"text-transform: none;\"><strong>Bienvenido a BRG: Tu Socio Confiable en Reaseguro<\/strong><\/h2>\n\n\n\n\n\n<p><\/p>\n\n\n\n<p class=\"has-text-align-justify\">En BRG, somos un grupo de expertos Corredores de Reaseguro con una trayectoria de 14 a\u00f1os en el mercado de seguros y reaseguros en la regi\u00f3n centroamericana. Fundada hace una d\u00e9cada por experimentados ejecutivos de la industria, nuestra empresa se distingue por combinar energ\u00eda, entusiasmo, experiencia y creatividad.<\/p>\n\n\n\n<p class=\"has-text-align-justify\">Nuestro compromiso es claro: brindar asesor\u00eda especializada en negociaciones de reaseguro, estructuraci\u00f3n de programas facultativos y contratos, y soporte integral a nuestros clientes. Trabajamos estrechamente con reaseguradores l\u00edderes para obtener t\u00e9rminos y coberturas que se adapten perfectamente a las necesidades de nuestros clientes.<\/p>\n\n\n\n<p class=\"has-text-align-justify\">En BRG, la excelencia en el servicio es nuestra prioridad. Nos esforzamos por superar las expectativas de nuestros clientes en cada interacci\u00f3n, ofreciendo productos y servicios de calidad respaldados por un equipo de profesionales altamente capacitados.<\/p>\n\n\n\n<p><strong>Nuestra Misi\u00f3n y Visi\u00f3n:<\/strong><\/p>\n\n\n\n<ul class=\"wp-block-list\">\n<li><strong>Misi\u00f3n:<\/strong>&nbsp;Ser el socio de confianza de nuestros clientes en el \u00e1mbito del reaseguro, ofreciendo soluciones personalizadas y contribuyendo a su \u00e9xito a largo plazo.<\/li>\n\n\n\n<li><strong>Visi\u00f3n:<\/strong>&nbsp;Convertirnos en el corredor de reaseguro l\u00edder en servicio y atenci\u00f3n en Centroam\u00e9rica y El Caribe, estableciendo relaciones s\u00f3lidas y duraderas basadas en la excelencia, la transparencia y el \u00e9xito compartido.<\/li>\n<\/ul>\n\n\n\n<p class=\"has-text-align-justify\">\u00danete a nosotros en nuestro compromiso por brindar soluciones de reaseguro innovadoras y de calidad. \u00a1Bienvenido a BRG!<\/p>\n\n\n\n\n\n\n","protected":false},"excerpt":{"rendered":"","protected":false},"author":2,"featured_media":0,"parent":0,"menu_order":0,"comment_status":"closed","ping_status":"closed","template":"","meta":{"_editorskit_title_hidden":false,"_editorskit_reading_time":0,"_editorskit_is_block_options_detached":false,"_editorskit_block_options_position":"{}","pagelayer_contact_templates":[],"_pagelayer_content":"","footnotes":""},"class_list":["post-22","page","type-page","status-publish","hentry"],"_links":{"self":[{"href":"https:\/\/intbrg.com\/web\/wp-json\/wp\/v2\/pages\/22","targetHints":{"allow":["GET"]}}],"collection":[{"href":"https:\/\/intbrg.com\/web\/wp-json\/wp\/v2\/pages"}],"about":[{"href":"https:\/\/intbrg.com\/web\/wp-json\/wp\/v2\/types\/page"}],"author":[{"embeddable":true,"href":"https:\/\/intbrg.com\/web\/wp-json\/wp\/v2\/users\/2"}],"replies":[{"embeddable":true,"href":"https:\/\/intbrg.com\/web\/wp-json\/wp\/v2\/comments?post=22"}],"version-history":[{"count":11,"href":"https:\/\/intbrg.com\/web\/wp-json\/wp\/v2\/pages\/22\/revisions"}],"predecessor-version":[{"id":257,"href":"https:\/\/intbrg.com\/web\/wp-json\/wp\/v2\/pages\/22\/revisions\/257"}],"wp:attachment":[{"href":"https:\/\/intbrg.com\/web\/wp-json\/wp\/v2\/media?parent=22"}],"curies":[{"name":"wp","href":"https:\/\/api.w.org\/{rel}","templated":true}]}}