{"id":61,"date":"2024-01-31T17:18:52","date_gmt":"2024-01-31T17:18:52","guid":{"rendered":"https:\/\/intbrg.com\/web\/?page_id=61"},"modified":"2024-04-17T21:27:21","modified_gmt":"2024-04-17T21:27:21","slug":"servicios","status":"publish","type":"page","link":"https:\/\/intbrg.com\/web\/servicios\/","title":{"rendered":"Servicios"},"content":{"rendered":"\n\n\n\n\n<h1>Nuestros Servicios<\/h1>\n\n\n\n\n\n\n\n\n\n<h6><\/h6>\n\n\n\n<h2 style=\"text-transform: none;\">Intermediaci\u00f3n y Asesor\u00eda<\/h2>\n\n\n\n\n\n<p>Con especializaci\u00f3n en programas de reaseguro :<\/p>\n\n\n\n\n\n<p class=\"has-text-align-center has-medium-font-size\">Vida<\/p>\n\n\n\n<figure class=\"wp-block-image size-large\"><img loading=\"lazy\" decoding=\"async\" width=\"1024\" height=\"683\" src=\"https:\/\/intbrg.com\/web\/wp-content\/uploads\/2024\/02\/vida-1024x683.jpg\" alt=\"\" class=\"wp-image-178\" srcset=\"https:\/\/intbrg.com\/web\/wp-content\/uploads\/2024\/02\/vida-1024x683.jpg 1024w, https:\/\/intbrg.com\/web\/wp-content\/uploads\/2024\/02\/vida-300x200.jpg 300w, https:\/\/intbrg.com\/web\/wp-content\/uploads\/2024\/02\/vida-768x512.jpg 768w, https:\/\/intbrg.com\/web\/wp-content\/uploads\/2024\/02\/vida.jpg 1500w\" sizes=\"auto, (max-width: 1024px) 100vw, 1024px\" \/><\/figure>\n\n\n\n\n\n<p class=\"has-text-align-center has-medium-font-size\">Gastos M\u00e9dicos<\/p>\n\n\n\n<figure class=\"wp-block-image size-large\"><img loading=\"lazy\" decoding=\"async\" width=\"1024\" height=\"703\" src=\"https:\/\/intbrg.com\/web\/wp-content\/uploads\/2024\/02\/gastos_medicos-1024x703.jpg\" alt=\"\" class=\"wp-image-181\" srcset=\"https:\/\/intbrg.com\/web\/wp-content\/uploads\/2024\/02\/gastos_medicos-1024x703.jpg 1024w, https:\/\/intbrg.com\/web\/wp-content\/uploads\/2024\/02\/gastos_medicos-300x206.jpg 300w, https:\/\/intbrg.com\/web\/wp-content\/uploads\/2024\/02\/gastos_medicos-768x527.jpg 768w, https:\/\/intbrg.com\/web\/wp-content\/uploads\/2024\/02\/gastos_medicos.jpg 1500w\" sizes=\"auto, (max-width: 1024px) 100vw, 1024px\" \/><\/figure>\n\n\n\n\n\n<p class=\"has-text-align-center has-medium-font-size\">Da\u00f1os<\/p>\n\n\n\n<figure class=\"wp-block-image size-large\"><img loading=\"lazy\" decoding=\"async\" width=\"1024\" height=\"680\" src=\"https:\/\/intbrg.com\/web\/wp-content\/uploads\/2024\/02\/danios-1024x680.jpg\" alt=\"\" class=\"wp-image-185\" srcset=\"https:\/\/intbrg.com\/web\/wp-content\/uploads\/2024\/02\/danios-1024x680.jpg 1024w, https:\/\/intbrg.com\/web\/wp-content\/uploads\/2024\/02\/danios-300x199.jpg 300w, https:\/\/intbrg.com\/web\/wp-content\/uploads\/2024\/02\/danios-768x510.jpg 768w, https:\/\/intbrg.com\/web\/wp-content\/uploads\/2024\/02\/danios.jpg 1506w\" sizes=\"auto, (max-width: 1024px) 100vw, 1024px\" \/><\/figure>\n\n\n\n\n\n\n\n<p class=\"has-text-align-center has-medium-font-size\">Fianzas (Cauci\u00f3n)<\/p>\n\n\n\n<figure class=\"wp-block-image size-large\"><img loading=\"lazy\" decoding=\"async\" width=\"1024\" height=\"712\" src=\"https:\/\/intbrg.com\/web\/wp-content\/uploads\/2024\/02\/caucion-1024x712.jpg\" alt=\"\" class=\"wp-image-191\" srcset=\"https:\/\/intbrg.com\/web\/wp-content\/uploads\/2024\/02\/caucion-1024x712.jpg 1024w, https:\/\/intbrg.com\/web\/wp-content\/uploads\/2024\/02\/caucion-300x209.jpg 300w, https:\/\/intbrg.com\/web\/wp-content\/uploads\/2024\/02\/caucion-768x534.jpg 768w, https:\/\/intbrg.com\/web\/wp-content\/uploads\/2024\/02\/caucion.jpg 1500w\" sizes=\"auto, (max-width: 1024px) 100vw, 1024px\" \/><\/figure>\n\n\n\n\n\n<p class=\"has-text-align-center has-medium-font-size\">Catastr\u00f3ficos<\/p>\n\n\n\n<figure class=\"wp-block-image size-large\"><img loading=\"lazy\" decoding=\"async\" width=\"1024\" height=\"692\" src=\"https:\/\/intbrg.com\/web\/wp-content\/uploads\/2024\/02\/catastrofe-1024x692.jpg\" alt=\"\" class=\"wp-image-190\" srcset=\"https:\/\/intbrg.com\/web\/wp-content\/uploads\/2024\/02\/catastrofe-1024x692.jpg 1024w, https:\/\/intbrg.com\/web\/wp-content\/uploads\/2024\/02\/catastrofe-300x203.jpg 300w, https:\/\/intbrg.com\/web\/wp-content\/uploads\/2024\/02\/catastrofe-768x519.jpg 768w, https:\/\/intbrg.com\/web\/wp-content\/uploads\/2024\/02\/catastrofe.jpg 1508w\" sizes=\"auto, (max-width: 1024px) 100vw, 1024px\" \/><\/figure>\n\n\n\n\n\n\n\n\n\n\n\n<h6><\/h6>\n\n\n\n<h2>Facultativo<\/h2>\n\n\n\n\n\n\n\n\n\n\n\n<p class=\"has-text-align-center has-medium-font-size\">Vida<\/p>\n\n\n\n<figure class=\"wp-block-image size-large\"><img loading=\"lazy\" decoding=\"async\" width=\"1024\" height=\"674\" src=\"https:\/\/intbrg.com\/web\/wp-content\/uploads\/2024\/02\/vida3-1024x674.jpg\" alt=\"\" class=\"wp-image-236\" srcset=\"https:\/\/intbrg.com\/web\/wp-content\/uploads\/2024\/02\/vida3-1024x674.jpg 1024w, https:\/\/intbrg.com\/web\/wp-content\/uploads\/2024\/02\/vida3-300x198.jpg 300w, https:\/\/intbrg.com\/web\/wp-content\/uploads\/2024\/02\/vida3-768x506.jpg 768w, https:\/\/intbrg.com\/web\/wp-content\/uploads\/2024\/02\/vida3.jpg 1500w\" sizes=\"auto, (max-width: 1024px) 100vw, 1024px\" \/><\/figure>\n\n\n\n<ul class=\"wp-block-list\">\n<li>Colectivos de vida<\/li>\n\n\n\n<li>Accidentes Personales<\/li>\n\n\n\n<li>Gastos M\u00e9dicos<\/li>\n\n\n\n<li>Microseguros de Vida<\/li>\n<\/ul>\n\n\n\n\n\n<p class=\"has-text-align-center has-medium-font-size\">Da\u00f1os<\/p>\n\n\n\n<figure class=\"wp-block-image size-large\"><img loading=\"lazy\" decoding=\"async\" width=\"1024\" height=\"681\" src=\"https:\/\/intbrg.com\/web\/wp-content\/uploads\/2024\/02\/danios-1-1024x681.png\" alt=\"\" class=\"wp-image-196\" srcset=\"https:\/\/intbrg.com\/web\/wp-content\/uploads\/2024\/02\/danios-1-1024x681.png 1024w, https:\/\/intbrg.com\/web\/wp-content\/uploads\/2024\/02\/danios-1-300x200.png 300w, https:\/\/intbrg.com\/web\/wp-content\/uploads\/2024\/02\/danios-1-768x511.png 768w, https:\/\/intbrg.com\/web\/wp-content\/uploads\/2024\/02\/danios-1.png 1500w\" sizes=\"auto, (max-width: 1024px) 100vw, 1024px\" \/><\/figure>\n\n\n\n<ul class=\"wp-block-list\">\n<li>Property y Energ\u00eda<\/li>\n\n\n\n<li>Obras de Arte<\/li>\n\n\n\n<li>Terrorismo y Riesgos Pol\u00edticos<\/li>\n\n\n\n<li>Riesgos de Ingenier\u00eda (Construcci\u00f3n, Montaje incluyendo ALOP, Maquinaria, Contratista, Equipo Electr\u00f3nico)<\/li>\n\n\n\n<li>Mar\u00edtimo y Transporte \/ STP<\/li>\n\n\n\n<li>Aviaci\u00f3n, Drones y Embarcaciones<\/li>\n\n\n\n<li>Responsabilidad Civil Operaciones y Productos, as\u00ed como coberturas especializadas como RC Aviaci\u00f3n, RC de Hangares, RC Operadores Portuarios y Aeroportuarios.<\/li>\n\n\n\n<li>L\u00edneas Financieras incluyendo Banqueros BBB, Directores y Administradores D&amp;O, RC Profesional E&amp;O, Crimen para entidades Comerciales, Cyber.<\/li>\n\n\n\n<li>Forestal<\/li>\n<\/ul>\n\n\n\n\n\n<p class=\"has-text-align-center has-medium-font-size\">Fianza<\/p>\n\n\n\n<figure class=\"wp-block-image size-large\"><img loading=\"lazy\" decoding=\"async\" width=\"1024\" height=\"666\" src=\"https:\/\/intbrg.com\/web\/wp-content\/uploads\/2024\/02\/fianza-1024x666.jpg\" alt=\"\" class=\"wp-image-197\" srcset=\"https:\/\/intbrg.com\/web\/wp-content\/uploads\/2024\/02\/fianza-1024x666.jpg 1024w, https:\/\/intbrg.com\/web\/wp-content\/uploads\/2024\/02\/fianza-300x195.jpg 300w, https:\/\/intbrg.com\/web\/wp-content\/uploads\/2024\/02\/fianza-768x500.jpg 768w, https:\/\/intbrg.com\/web\/wp-content\/uploads\/2024\/02\/fianza.jpg 1498w\" sizes=\"auto, (max-width: 1024px) 100vw, 1024px\" \/><\/figure>\n\n\n\n<ul class=\"wp-block-list\">\n<li>Sostenimiento de oferta<\/li>\n\n\n\n<li>Cumplimiento<\/li>\n\n\n\n<li>Anticipo<\/li>\n\n\n\n<li>Garant\u00eda, calidad y\/o funcionamiento<\/li>\n\n\n\n<li>Exigidas por la ley<\/li>\n<\/ul>\n\n\n\n\n\n\n\n\n\n\n\n<h2 style=\"text-transform: none;\">Nuestra Fortaleza y<br>Concentraci\u00f3n de Cartera<\/h2>\n\n\n\n\n\n<ul class=\"has-white-color has-text-color has-link-color has-medium-font-size wp-block-list wp-elements-62dcde95b7e1ca4125dd0a33d9d650f1\">\n<li class=\"has-medium-font-size\">Energy (Generaci\u00f3n de energ\u00eda)<\/li>\n\n\n\n<li class=\"has-medium-font-size\">Industria de Alimentos<\/li>\n\n\n\n<li class=\"has-medium-font-size\">Aviaci\u00f3n y Drones<\/li>\n\n\n\n<li class=\"has-medium-font-size\">Responsabilidad Civil Productos y Profesional<\/li>\n\n\n\n<li class=\"has-medium-font-size\">Responsabilidad Civil Operaciones Portuarias<\/li>\n\n\n\n<li class=\"has-medium-font-size\">Puertos y Aeropuertos<\/li>\n\n\n\n<li class=\"has-medium-font-size\">Obras de Arte<\/li>\n\n\n\n<li class=\"has-medium-font-size\">Riesgos de Ingenier\u00eda (maquinaria y CAR)<\/li>\n\n\n\n<li class=\"has-medium-font-size\">L\u00edneas Financieras, D&amp;O, BBB, RC Profesional<\/li>\n\n\n\n<li class=\"has-medium-font-size\">Carga, STP y Stock Only<\/li>\n\n\n\n<li class=\"has-medium-font-size\">Hole in one<\/li>\n<\/ul>\n\n\n\n\n\n\n\n\n\n<h6><\/h6>\n\n\n\n<h2 style=\"text-transform: none;\">\u00c1rea de Operaci\u00f3n<\/h2>\n\n\n\n\n\n<p>Nuestros clientes dispersos en Centroam\u00e9rica:<\/p>\n\n\n\n\n\n<div class=\"wp-block-columns is-layout-flex wp-container-core-columns-is-layout-9d6595d7 wp-block-columns-is-layout-flex\">\n<div class=\"wp-block-column is-layout-flow wp-block-column-is-layout-flow\" style=\"flex-basis:33.33%\">\n<ul class=\"has-medium-font-size wp-block-list\">\n<li>Guatemala<\/li>\n\n\n\n<li>Belice<\/li>\n\n\n\n<li>El Salvador<\/li>\n\n\n\n<li>Honduras<\/li>\n\n\n\n<li>Nicaragua<\/li>\n\n\n\n<li>Costa Rica<\/li>\n<\/ul>\n<\/div>\n\n\n\n<div class=\"wp-block-column is-layout-flow wp-block-column-is-layout-flow\" style=\"flex-basis:66.66%\">\n<figure class=\"wp-block-image size-full\"><img loading=\"lazy\" decoding=\"async\" width=\"578\" height=\"450\" src=\"https:\/\/intbrg.com\/web\/wp-content\/uploads\/2024\/01\/area.jpg\" alt=\"\" class=\"wp-image-66\" srcset=\"https:\/\/intbrg.com\/web\/wp-content\/uploads\/2024\/01\/area.jpg 578w, https:\/\/intbrg.com\/web\/wp-content\/uploads\/2024\/01\/area-300x234.jpg 300w\" sizes=\"auto, (max-width: 578px) 100vw, 578px\" \/><\/figure>\n<\/div>\n<\/div>\n\n\n\n\n","protected":false},"excerpt":{"rendered":"","protected":false},"author":2,"featured_media":0,"parent":0,"menu_order":0,"comment_status":"closed","ping_status":"closed","template":"","meta":{"_editorskit_title_hidden":false,"_editorskit_reading_time":0,"_editorskit_is_block_options_detached":false,"_editorskit_block_options_position":"{}","pagelayer_contact_templates":[],"_pagelayer_content":"","footnotes":""},"class_list":["post-61","page","type-page","status-publish","hentry"],"_links":{"self":[{"href":"https:\/\/intbrg.com\/web\/wp-json\/wp\/v2\/pages\/61","targetHints":{"allow":["GET"]}}],"collection":[{"href":"https:\/\/intbrg.com\/web\/wp-json\/wp\/v2\/pages"}],"about":[{"href":"https:\/\/intbrg.com\/web\/wp-json\/wp\/v2\/types\/page"}],"author":[{"embeddable":true,"href":"https:\/\/intbrg.com\/web\/wp-json\/wp\/v2\/users\/2"}],"replies":[{"embeddable":true,"href":"https:\/\/intbrg.com\/web\/wp-json\/wp\/v2\/comments?post=61"}],"version-history":[{"count":36,"href":"https:\/\/intbrg.com\/web\/wp-json\/wp\/v2\/pages\/61\/revisions"}],"predecessor-version":[{"id":259,"href":"https:\/\/intbrg.com\/web\/wp-json\/wp\/v2\/pages\/61\/revisions\/259"}],"wp:attachment":[{"href":"https:\/\/intbrg.com\/web\/wp-json\/wp\/v2\/media?parent=61"}],"curies":[{"name":"wp","href":"https:\/\/api.w.org\/{rel}","templated":true}]}}